
List the prime factors of 1137143761.
13, 61, 991, 1447
List the prime factors of 3522238209.
3, 7, 41, 454541
What are the prime factors of 112379604?
2, 3, 19, 492893
What are the prime factors of 1418643736?
2, 179, 990673
List the prime factors of 290713221.
3, 32301469
What are the prime factors of 19626756?
2, 3, 1635563
What are the prime factors of 56202437?
19, 2958023
List the prime factors of 407123102.
2, 929, 219119
List the prime factors of 72593269.
7, 10370467
List the prime factors of 271407066.
2, 3, 7, 2281, 2833
List the prime factors of 52725680.
2, 5, 7, 94153
What are the prime factors of 2151164193?
3, 239, 3000229
What are the prime factors of 2666622255?
3, 5, 11, 16161347
What are the prime factors of 528569014?
2, 71, 103, 509
What are the prime factors of 1169862050?
2, 5, 7, 1039, 3217
What are the prime factors of 113330857?
17, 461, 14461
List the prime factors of 1513332.
2, 3, 127, 331
List the prime factors of 2404954490.
2, 5, 37, 677, 9601
List the prime factors of 141124416.
2, 3, 601, 1223
List the prime factors of 290953081.
290953081
List the prime factors of 577633154.
2, 7, 281, 359, 409
List the prime factors of 116021630.
2, 5, 11602163
List the prime factors of 60923641.
60923641
What are the prime factors of 769316983?
769316983
List the prime factors of 136129881.
3, 41, 1106747
List the prime factors of 19807924.
2, 17, 291293
What are the prime factors of 61462234?
2, 30731117
What are the prime factors of 42533978?
2, 1723, 12343
List the prime factors of 6492908163.
3, 7, 309186103
What are the prime factors of 455167867?
7, 11, 967, 6113
List the prime factors of 929238524.
2, 232309631
List the prime factors of 109103220.
2, 3, 5, 29, 6967
List the prime factors of 50176406.
2, 7, 109, 131, 251
What are the prime factors of 56981666?
2, 7, 4070119
What are the prime factors of 108358134?
2, 3, 73, 247393
List the prime factors of 40982535.
3, 5, 11, 82793
What are the prime factors of 843801709?
843801709
List the prime factors of 105479968.
2, 11, 17, 17627
List the prime factors of 229404469.
7, 61, 107, 5021
What are the prime factors of 510180061?
510180061
What are the prime factors of 500928727?
13, 38532979
List the prime factors of 1358954636.
2, 13, 17, 1537279
What are the prime factors of 92117268?
2, 3, 2558813
What are the prime factors of 56011491?
3, 137, 45427
List the prime factors of 38530387.
7, 173, 31817
List the prime factors of 57804762.
2, 3, 479, 20113
What are the prime factors of 244835034?
2, 3, 43, 948973
List the prime factors of 316933547.
7, 19, 29, 82171
What are the prime factors of 133164740?
2, 5, 17, 391661
What are the prime factors of 28839095?
5, 37, 155887
What are the prime factors of 29912286?
2, 3, 4985381
List the prime factors of 20638106.
2, 10319053
List the prime factors of 52559065.
5, 13, 808601
What are the prime factors of 3290357408?
2, 13, 7909513
What are the prime factors of 2995433887?
19373, 154619
What are the prime factors of 1061830624?
2, 33182207
List the prime factors of 1360862495.
5, 17, 43, 199, 1871
What are the prime factors of 650306?
2, 325153
What are the prime factors of 605718689?
19, 347, 91873
List the prime factors of 404847116.
2, 89, 131, 8681
List the prime factors of 911485276.
2, 13, 43, 31357
List the prime factors of 1921465485.
3, 5, 73, 353, 1657
What are the prime factors of 31645384?
2, 3955673
What are the prime factors of 848475219?
3, 17, 83, 200443
List the prime factors of 396326949.
3, 132108983
List the prime factors of 91771384.
2, 11471423
What are the prime factors of 126283264?
2, 157, 1571
What are the prime factors of 383655577?
383655577
What are the prime factors of 1085873111?
59, 149, 829
What are the prime factors of 61964798?
2, 7, 4426057
What are the prime factors of 374936632?
2, 7, 17, 56263
What are the prime factors of 176523064?
2, 347, 63589
What are the prime factors of 3081198198?
2, 3, 13, 3038657
What are the prime factors of 2101009495?
5, 13, 32323223
What are the prime factors of 152557156?
2, 19, 105649
List the prime factors of 42515307.
3, 47, 33503
What are the prime factors of 3945661875?
3, 5, 59, 1321
What are the prime factors of 6111211780?
2, 5, 23, 13285243
List the prime factors of 1687415376.
2, 3, 17, 2067911
What are the prime factors of 387914182?
2, 23, 8432917
List the prime factors of 246746333.
101, 2443033
What are the prime factors of 443672651?
31, 14312021
What are the prime factors of 3916369488?
2, 3, 37, 107, 557
List the prime factors of 34068774.
2, 3, 5678129
What are the prime factors of 564556712?
2, 23, 317, 9679
List the prime factors of 310804964.
2, 19, 491, 8329
List the prime factors of 237825642.
2, 3, 39637607
What are the prime factors of 89188087?
89188087
What are the prime factors of 3113846555?
5, 37, 16831603
List the prime factors of 144438078.
2, 3, 607, 39659
List the prime factors of 195703122.
2, 3, 71, 459397
List the prime factors of 134316169.
13, 157, 65809
List the prime factors of 2409557056.
2, 659, 57131
What are the prime factors of 505234232?
2, 1549, 40771
What are the prime factors of 44791988?
2, 11197997
What are the prime factors of 5461393613?
13, 4111, 102191
What are the prime factors of 9187964?
2, 269, 8539
What are the prime factors of 406250066?
2, 203125033
What are the prime factors of 9122513?
23, 396631
List the prime factors of 166503690.
2, 3, 5, 1850041
List the prime factors of 55137563.
13, 19, 223229
What are the prime factors of 2190840749?
2190840749
What are the prime factors of 1825935351?
3, 331, 1838807
List the prime factors of 41126755.
5, 8225351
What are the prime factors of 30822896?
2, 13, 11399
List the prime factors of 68570590.
2, 5, 11, 23, 27103
List the prime factors of 2807534995.
5, 31, 2003, 9043
List the prime factors of 646316996.
2, 13, 19, 654167
List the prime factors of 3581870688.
2, 3, 11, 1130641
What are the prime factors of 405630969?
3, 1123, 120401
What are the prime factors of 24217085?
5, 4843417
List the prime factors of 142500231.
3, 773, 20483
List the prime factors of 75189560.
2, 5, 251, 7489
What are the prime factors of 68193895?
5, 7, 11, 177127
What are the prime factors of 8069483620?
2, 5, 11, 3947, 9293
List the prime factors of 2265707109.
3, 41, 43, 443, 967
What are the prime factors of 47165197?
739, 63823
List the prime factors of 135533507.
135533507
List the prime factors of 382320260.
2, 5, 7, 23, 37, 3209
List the prime factors of 181403828.
2, 45350957
List the prime factors of 1147446261.
3, 13, 9807233
List the prime factors of 32188782.
2, 3, 29, 184993
List the prime factors of 127075913.
31, 132233
List the prime factors of 12925854.
2, 3, 443, 1621
List the prime factors of 35229717.
3, 3914413
What are the prime factors of 140937527?
140937527
List the prime factors of 371640009.
3, 13, 17, 560543
List the prime factors of 3630361728.
2, 3, 7, 41, 32941
What are the prime factors of 1669194815?
5, 333838963
List the prime factors of 2731234503.
3, 910411501
List the prime factors of 1598527685.
5, 157, 2036341
What are the prime factors of 113541279?
3, 151, 250643
List the prime factors of 21429620.
2, 5, 661, 1621
List the prime factors of 1394115586.
2, 697057793
List the prime factors of 9039522.
2, 3, 1506587
List the prime factors of 82836736.
2, 323581
What are the prime factors of 66410355?
3, 5, 11, 402487
What are the prime factors of 6306554780?
2, 5, 10867, 29017
What are the prime factors of 1679259765?
3, 5, 3923, 28537
What are the prime factors of 235161685?
5, 11, 388697
What are the prime factors of 258253391?
11, 47, 499523
List the prime factors of 135285576.
2, 3, 5636899
List the prime factors of 148104435.
3, 5, 173, 57073
List the prime factors of 29362336.
2, 917573
What are the prime factors of 1593930359?
7, 379, 85829
What are the prime factors of 88775333?
88775333
What are the prime factors of 82803581?
7, 1689869
What are the prime factors of 24040386?
2, 3, 109, 12253
What are the prime factors of 2498481?
3, 19, 769
List the prime factors of 428245816.
2, 53530727
List the prime factors of 1614439932.
2, 3, 7, 19219523
List the prime factors of 6756864199.
6756864199
List the prime fact